{"id":9,"date":"2023-12-02T17:46:26","date_gmt":"2023-12-02T16:46:26","guid":{"rendered":"https:\/\/www.de-mena.fr\/wordpress\/?page_id=9"},"modified":"2025-08-01T18:32:29","modified_gmt":"2025-08-01T16:32:29","slug":"elementor-9","status":"publish","type":"page","link":"https:\/\/www.de-mena.fr\/wordpress\/","title":{"rendered":"Home &#8211; Accueil"},"content":{"rendered":"<div class=\"su-heading su-heading-style-default su-heading-align-center\" id=\"\" style=\"font-size:20px;margin-bottom:20px\"><div class=\"su-heading-inner\">David DE MENA<\/div><\/div>\n\n\n\n<p><\/p>\n\n\n<div class=\"su-tabs su-tabs-style-default su-tabs-mobile-stack\" data-active=\"1\" data-scroll-offset=\"0\" data-anchor-in-url=\"no\"><div class=\"su-tabs-nav\"><span class=\"\" data-url=\"\" data-target=\"blank\" tabindex=\"0\" role=\"button\"><b>ENGLISH<\/b><\/span><span class=\"\" data-url=\"\" data-target=\"blank\" tabindex=\"0\" role=\"button\"> <b>FRANCAIS<\/b><\/span><\/div><div class=\"su-tabs-panes\"><div class=\"su-tabs-pane su-u-clearfix su-u-trim\" data-title=\"&lt;b&gt;ENGLISH&lt;\/b&gt;\">\n<div class=\"su-heading su-heading-style-default su-heading-align-center\" id=\"\" style=\"font-size:20px;margin-bottom:20px\"><div class=\"su-heading-inner\">My job : Find yours solutions<\/div><\/div>\nExpert in Information Management since 1979, &nbsp;&nbsp;<br \/>\nI even had to adapt my knowledge and mastery of information systems to your needs you are an individual, a small business or group (Hardware choice and softwares &#8230;).<br \/>\n<\/div>\n<div class=\"su-tabs-pane su-u-clearfix su-u-trim\" data-title=\" &lt;b&gt;FRANCAIS&lt;\/b&gt;\">\n<div class=\"su-heading su-heading-style-default su-heading-align-center\" id=\"\" style=\"font-size:20px;margin-bottom:20px\"><div class=\"su-heading-inner\">Mon job : Trouver des solutions <\/div><\/div>\nExpert en informatique de gestion depuis 1979,<br \/>\nje suis \u00e0 m\u00eame d&rsquo;adapter mes connaissances et ma\u00eetrise des syst\u00e8mes d&rsquo;information \u00e0 vos besoins que vous soyez un particulier, une petite structure ou un groupe (Choix mat\u00e9riel ou logiciels&#8230;).<\/p>\n<\/div><\/div><\/div>\n\n\n\n<p><\/p>\n\n\n\n<p><\/p>\n","protected":false},"excerpt":{"rendered":"","protected":false},"author":1,"featured_media":0,"parent":0,"menu_order":0,"comment_status":"closed","ping_status":"closed","template":"","meta":{"footnotes":""},"class_list":["post-9","page","type-page","status-publish","hentry"],"_links":{"self":[{"href":"https:\/\/www.de-mena.fr\/wordpress\/wp-json\/wp\/v2\/pages\/9","targetHints":{"allow":["GET"]}}],"collection":[{"href":"https:\/\/www.de-mena.fr\/wordpress\/wp-json\/wp\/v2\/pages"}],"about":[{"href":"https:\/\/www.de-mena.fr\/wordpress\/wp-json\/wp\/v2\/types\/page"}],"author":[{"embeddable":true,"href":"https:\/\/www.de-mena.fr\/wordpress\/wp-json\/wp\/v2\/users\/1"}],"replies":[{"embeddable":true,"href":"https:\/\/www.de-mena.fr\/wordpress\/wp-json\/wp\/v2\/comments?post=9"}],"version-history":[{"count":29,"href":"https:\/\/www.de-mena.fr\/wordpress\/wp-json\/wp\/v2\/pages\/9\/revisions"}],"predecessor-version":[{"id":220,"href":"https:\/\/www.de-mena.fr\/wordpress\/wp-json\/wp\/v2\/pages\/9\/revisions\/220"}],"wp:attachment":[{"href":"https:\/\/www.de-mena.fr\/wordpress\/wp-json\/wp\/v2\/media?parent=9"}],"curies":[{"name":"wp","href":"https:\/\/api.w.org\/{rel}","templated":true}]}}